3
Calculate the greatest common factor of 1100 and 176.
44
Calculate the greatest common divisor of 92 and 100.
4
Calculate the greatest common divisor of 6 and 194.
2
What is the highest common factor of 7651 and 7?
7
What is the greatest common factor of 290 and 174?
58
What is the highest common factor of 800 and 70?
10
What is the highest common factor of 18 and 2?
2
Calculate the greatest common factor of 48 and 1424.
16
Calculate the greatest common factor of 429 and 6721.
143
What is the highest common divisor of 2652 and 182?
26
What is the greatest common factor of 10502 and 590?
118
What is the greatest common factor of 6 and 32?
2
Calculate the greatest common divisor of 248 and 1519.
31
What is the highest common factor of 10854 and 134?
134
What is the highest common divisor of 171 and 4161?
57
What is the greatest common factor of 918 and 1296?
54
What is the highest common factor of 1 and 191?
1
What is the highest common factor of 264 and 330?
66
Calculate the highest common divisor of 20556 and 60.
12
Calculate the highest common factor of 45 and 972.
9
What is the greatest common divisor of 106 and 16?
2
What is the greatest common divisor of 56 and 16408?
56
Calculate the greatest common factor of 697 and 34.
17
Calculate the highest common factor of 55 and 25.
5
Calculate the greatest common divisor of 3136 and 98.
98
Calculate the greatest common divisor of 7885 and 190.
95
Calculate the greatest common divisor of 3961 and 136.
17
What is the greatest common factor of 513 and 19?
19
What is the greatest common factor of 4752 and 22?
22
What is the highest common factor of 31 and 217?
31
Calculate the greatest common factor of 250 and 48.
2
Calculate the highest common divisor of 86 and 2322.
86
What is the highest common factor of 187 and 616?
11
Calculate the highest common factor of 394 and 50432.
394
Calculate the highest common divisor of 498 and 54.
6
Calculate the highest common divisor of 18145 and 191.
191
Calculate the highest common divisor of 4 and 50.
2
Calculate the highest common divisor of 106 and 6254.
106
Calculate the greatest common factor of 40 and 50.
10
What is the highest common divisor of 69 and 2139?
69
What is the highest common factor of 4560 and 15?
15
Calculate the greatest common divisor of 22 and 56606.
22
Calculate the highest common factor of 3136 and 32.
32
Calculate the highest common divisor of 16535 and 10.
5
What is the highest common factor of 29 and 464?
29
What is the highest common factor of 18 and 10026?
18
Calculate the greatest common divisor of 8 and 200.
8
Calculate the greatest common factor of 128 and 11.
1
What is the greatest common divisor of 104 and 2756?
52
Calculate the highest common factor of 432 and 720.
144
Calculate the highest common factor of 17 and 527.
17
Calculate the greatest common divisor of 26 and 689.
13
Calculate the greatest common divisor of 93 and 620.
31
What is the highest common divisor of 496 and 372?
124
Calculate the highest common factor of 5 and 197.
1
What is the greatest common divisor of 54 and 450?
18
Calculate the greatest common factor of 37464 and 336.
168
Calculate the greatest common divisor of 159 and 5671.
53
Calculate the highest common factor of 98 and 1421.
49
Calculate the highest common factor of 1 and 37.
1
What is the highest common divisor of 51 and 18190?
17
What is the highest common divisor of 2312 and 8?
8
Calculate the greatest common divisor of 31020 and 188.
188
Calculate the highest common divisor of 75 and 585.
15
What is the highest common factor of 38372 and 424?
212
Calculate the greatest common factor of 30 and 2010.
30
What is the greatest common divisor of 126 and 1284?
6
Calculate the greatest common factor of 56 and 952.
56
What is the greatest common divisor of 36 and 840?
12
Calculate the greatest common factor of 16 and 2.
2
Calculate the highest common divisor of 1980 and 2520.
180
What is the greatest common factor of 594 and 22?
22
What is the greatest common divisor of 8154 and 108?
54
Calculate the greatest common factor of 260 and 364.
52
What is the greatest common divisor of 365 and 4526?
73
Calculate the highest common divisor of 13 and 260.
13
Calculate the highest common divisor of 156 and 564.
12
Calculate the highest common factor of 117 and 26.
13
Calculate the greatest common factor of 73 and 73.
73
Calculate the greatest common factor of 99 and 11.
11
What is the highest common divisor of 387 and 18?
9
Calculate the greatest common factor of 1628 and 37.
37
What is the highest common factor of 1053 and 104?
13
What is the greatest common divisor of 2156 and 198?
22
Calculate the greatest common factor of 828 and 108.
36
Calculate the highest common factor of 180 and 2028.
12
What is the highest common factor of 44 and 80564?
44
What is the greatest common factor of 3510 and 40?
10
What is the highest common divisor of 56 and 38?
2
What is the greatest common factor of 11984 and 224?
112
What is the greatest common divisor of 175 and 105?
35
Calculate the highest common divisor of 246 and 10086.
246
What is the highest common divisor of 13 and 247?
13
Calculate the highest common divisor of 55025 and 142.
71
Calculate the greatest common factor of 82 and 533.
41
What is the highest common divisor of 21 and 15?
3
What is the highest common factor of 141 and 9?
3
Calculate the highest common divisor of 2376 and 1080.
216
Calculate the greatest common factor of 498 and 2822.
166
Calculate the highest common factor of 20 and 740.
20
Calculate the greatest common divisor of 125 and 25.
25
Calculate the highest common divisor of 2224 and 16.
16
What is the highest common factor of 305 and 122?
61
Calculate the highest common divisor of 40 and 380.
20
What is the highest common factor of 20 and 31180?
20
Calculate the greatest common divisor of 214 and 2.
2
Calculate the highest common divisor of 126 and 18.
18
Calculate the greatest common factor of 12 and 78.
6
Calculate the greatest common factor of 8 and 344.
8
Calculate the greatest common factor of 39 and 429.
39
What is the greatest common factor of 39 and 351?
39
What is the greatest common divisor of 131 and 4847?
131
Calculate the highest common factor of 711 and 79.
79
Calculate the greatest common divisor of 512 and 3488.
32
Calculate the highest common divisor of 804 and 12261.
201
Calculate the greatest common divisor of 999 and 111.
111
Calculate the highest common divisor of 5 and 395.
5
What is the highest common divisor of 32 and 736?
32
Calculate the highest common factor of 5 and 47735.
5
What is the highest common divisor of 4246 and 22?
22
What is the greatest common divisor of 12467 and 91?
91
What is the highest common divisor of 30 and 110?
10
What is the highest common factor of 10 and 140?
10
Calculate the greatest common divisor of 25909 and 39.
13
What is the highest common factor of 60 and 1380?
60
What is the highest common factor of 1199 and 22?
11
What is the greatest common factor of 3441 and 148?
37
What is the greatest common factor of 60 and 780?
60
What is the highest common factor of 10 and 1280?
10
Calculate the greatest common divisor of 1173 and 1219.
23
Calculate the greatest common factor of 21 and 61467.
21
Calculate the highest common divisor of 5524 and 4.
4
What is the highest common divisor of 19 and 19?
19
What is the highest common factor of 72 and 54?
18
What is the greatest common divisor of 45 and 405?
45
Calculate the greatest common divisor of 39 and 1833.
39
Calculate the highest common divisor of 16 and 1168.
16
Calculate the greatest common divisor of 20 and 41810.
10
What is the greatest common factor of 13706 and 154?
154
What is the greatest common divisor of 3699 and 27?
27
Calculate the highest common divisor of 48 and 60.
12
What is the greatest common divisor of 10246 and 188?
94
Calculate the greatest common factor of 247 and 143.
13
What is the highest common factor of 18 and 729?
9
What is the greatest common factor of 29375 and 235?
235
What is the highest common factor of 112 and 63?
7
What is the highest common factor of 9 and 55989?
9
Calculate the highest common factor of 54 and 3.
3
What is the highest common divisor of 76 and 133?
19
Calculate the highest common divi